 the prime factors of 121151832?
2, 3, 5047993
What are the prime factors of 27421629?
3, 17, 537679
What are the prime factors of 109623525?
3, 5, 11, 89, 1493
What are the prime factors of 979549178?
2, 137, 3574997
List the prime factors of 104315155.
5, 7, 31, 79, 1217
What are the prime factors of 25607983?
61, 419803
What are the prime factors of 221966415?
3, 5, 11, 41, 10937
What are the prime factors of 134495633?
59, 563, 4049
List the prime factors of 396437449.
396437449
What are the prime factors of 19967811?
3, 6655937
What are the prime factors of 378528877?
2447, 154691
What are the prime factors of 77529837?
3, 7, 11, 37, 47, 193
List the prime factors of 2943716242.
2, 1471858121
List the prime factors of 17630140.
2, 5, 11, 127, 631
List the prime factors of 244957275.
3, 5, 79, 13781
List the prime factors of 80737954.
2, 11, 19, 193153
List the prime factors of 199718559.
3, 317, 70003
List the prime factors of 85664849.
85664849
List the prime factors of 1160820465.
3, 5, 7, 23, 229, 2099
List the prime factors of 2757233783.
29, 8069, 11783
List the prime factors of 167895920.
2, 5, 2098699
What are the prime factors of 5754028421?
5754028421
List the prime factors of 1341718789.
1493, 898673
List the prime factors of 492919139.
311, 1584949
List the prime factors of 58199824.
2, 701, 5189
List the prime factors of 110224459.
509, 216551
What are the prime factors of 276784904?
2, 11, 3145283
List the prime factors of 68989652.
2, 17247413
What are the prime factors of 11275714?
2, 5637857
List the prime factors of 91960989.
3, 53, 578371
List the prime factors of 1868386707.
3, 11, 18872593
What are the prime factors of 122050371?
3, 40683457
What are the prime factors of 90677842?
2, 19, 61, 39119
What are the prime factors of 6797586421?
487, 709, 19687
What are the prime factors of 97028506?
2, 773, 62761
List the prime factors of 7684349311.
1019, 7541069
What are the prime factors of 219588847?
17, 101, 7523
What are the prime factors of 69894729?
3, 151, 51431
What are the prime factors of 212991690?
2, 3, 5, 199, 35677
What are the prime factors of 455919555?
3, 5, 7, 13, 101, 3307
List the prime factors of 157721899.
10253, 15383
List the prime factors of 679846295.
5, 135969259
What are the prime factors of 19692051?
3, 89, 131, 563
List the prime factors of 120633552.
2, 3, 13, 4957
List the prime factors of 447135216.
2, 3, 11, 353, 2399
What are the prime factors of 100412735?
5, 151, 179, 743
List the prime factors of 2712150108.
2, 3, 25112501
List the prime factors of 827880354.
2, 3, 7, 23, 285673
What are the prime factors of 6216013?
6216013
What are the prime factors of 6057519329?
6057519329
What are the prime factors of 77082428?
2, 67, 71, 4051
List the prime factors of 35829857.
7, 173, 29587
What are the prime factors of 248953982?
2, 37, 3364243
List the prime factors of 78429502.
2, 107, 379, 967
List the prime factors of 481638328.
2, 47, 149, 8597
What are the prime factors of 1034244002?
2, 11, 1733, 27127
What are the prime factors of 779897007?
3, 5011, 17293
What are the prime factors of 1320467195?
5, 2153, 122663
What are the prime factors of 1263726386?
2, 13, 61, 796801
List the prime factors of 22615573.
22615573
What are the prime factors of 206776071?
3, 797, 3203
What are the prime factors of 1224235978?
2, 7, 47, 409, 4549
What are the prime factors of 161766996?
2, 3, 1907, 7069
List the prime factors of 243737049.
3, 23, 499, 7079
What are the prime factors of 285450423?
3, 8111, 11731
List the prime factors of 164963969.
1747, 94427
List the prime factors of 68563813.
271, 253003
What are the prime factors of 5839622?
2, 2919811
List the prime factors of 47375027.
7, 601, 11261
What are the prime factors of 117610837?
41, 2868557
List the prime factors of 149205548.
2, 37301387
List the prime factors of 1187328141.
3, 251, 525599
List the prime factors of 85558298.
2, 7, 23, 265709
List the prime factors of 39532920.
2, 3, 5, 7, 19, 2477
List the prime factors of 307253165.
5, 61450633
What are the prime factors of 996837106?
2, 498418553
What are the prime factors of 6965709864?
2, 3, 53, 797, 6871
What are the prime factors of 4013777600?
2, 5, 7, 358373
List the prime factors of 94133237.
11, 8557567
List the prime factors of 58217925.
3, 5, 347, 2237
What are the prime factors of 714175394?
2, 367, 972991
List the prime factors of 22732405.
5, 59, 263, 293
List the prime factors of 44866349.
11, 17, 67, 3581
List the prime factors of 184264396.
2, 5233, 8803
List the prime factors of 3262784994.
2, 3, 7, 19, 397, 3433
What are the prime factors of 32308898?
2, 16154449
What are the prime factors of 1738796375?
5, 43, 59, 5483
What are the prime factors of 1320615632?
2, 7, 113, 104347
What are the prime factors of 122583648?
2, 3, 11, 61, 173
List the prime factors of 362422836.
2, 3, 571, 653
What are the prime factors of 504887381?
43, 53, 221539
What are the prime factors of 164268408?
2, 3, 6844517
List the prime factors of 7287473499.
3, 2429157833
What are the prime factors of 54972013?
811, 67783
What are the prime factors of 53770369?
53770369
List the prime factors of 51730277.
51730277
List the prime factors of 3996672.
2, 3, 1301
What are the prime factors of 1215801405?
3, 5, 7, 13, 47, 6317
What are the prime factors of 136705569?
3, 7, 11, 13, 45523
What are the prime factors of 4550105993?
6361, 715313
What are the prime factors of 81877576?
2, 11, 17, 229, 239
What are the prime factors of 6856489503?
3, 761832167
List the prime factors of 258674920.
2, 5, 7, 271, 487
List the prime factors of 2367864201.
3, 1013, 779159
What are the prime factors of 122071361?
47, 2597263
What are the prime factors of 40406030?
2, 5, 7, 443, 1303
List the prime factors of 7178520.
2, 3, 5, 163, 367
What are the prime factors of 61675168?
2, 1927349
List the prime factors of 52751451.
3, 113, 155609
What are the prime factors of 5415905047?
7, 773700721
What are the prime factors of 657018163?
1129, 581947
What are the prime factors of 4168974845?
5, 7, 119113567
List the prime factors of 385141644.
2, 3, 31, 345109
List the prime factors of 206269339.
19, 37, 293413
List the prime factors of 673675104.
2, 3, 29, 241981
What are the prime factors of 11330295?
3, 5, 727, 1039
List the prime factors of 56312499.
3, 43, 436531
List the prime factors of 45446241.
3, 15148747
What are the prime factors of 462130596?
2, 3, 17609
What are the prime factors of 239488279?
269, 890291
What are the prime factors of 720078956?
2, 367, 499, 983
List the prime factors of 1319828015.
5, 11, 797, 30109
List the prime factors of 2332142357.
2332142357
What are the prime factors of 8103518146?
2, 17, 1091, 218459
List the prime factors of 125604346.
2, 7, 1281677
List the prime factors of 146726675.
5, 5869067
What are the prime factors of 25120305?
3, 5, 7, 17, 4691
List the prime factors of 1160647757.
9439, 122963
What are the prime factors of 287886510?
2, 3, 5, 3198739
List the prime factors of 89056848.
2, 3, 1181, 1571
List the prime factors of 365048250.
2, 3, 5, 7, 31, 2243
What are the prime factors of 57647426?
2, 28823713
List the prime factors of 88706731.
17, 499, 10457
What are the prime factors of 1040924049?
3, 11, 1447, 21799
List the prime factors of 2772559895.
5, 7, 19, 85087
List the prime factors of 9535384.
2, 1191923
List the prime factors of 248467995.
3, 5, 41, 137, 983
What are the prime factors of 359670075?
3, 5, 1999, 2399
What are the prime factors of 98227207?
13, 17, 19, 149, 157
What are the prime factors of 286807414?
2, 103, 1392269
List the prime factors of 180294138.
2, 3, 41, 244301
List the prime factors of 106205089.
283, 375283
List the prime factors of 128843047.
19, 433, 15661
List the prime factors of 507633234.
2, 3, 103, 619, 1327
List the prime factors of 869384182.
2, 17, 251, 101873
What are the prime factors of 13259618?
2, 647, 10247
List the prime factors of 173677005.
3, 5, 19, 71, 2861
What are the prime factors of 51772857?
3, 1433, 12043
What are the prime factors of 18083826?
2, 3, 1004657
What are the prime factors of 5369502216?
2, 3, 13, 47, 366169
List the prime factors of 1172459043.
3, 7, 17, 121637
What are the prime fact